*2 - 2*p - 3. Let j be d(-3). Let w = 130 + j. What are the prime factors of w?
61
Let d = -14 - -13. Let y(x) = 2*x + 1. Let w be y(1). What are the prime factors of 7 - -3 - w/d?
13
Suppose i = -i + 12. Let s = i - 7. Let m = 6 + s. List the prime factors of m.
5
Let j(p) = 2*p - 2. Suppose -3*l + 11 = 4*r - 21, -r - 1 = 3*l. Let a be j(r). What are the prime factors of (-220)/12*(-24)/a?
2, 11
Suppose 7*q - 487 = 3923. List the prime factors of q.
2, 3, 5, 7
Let h be (-2)/4*(2 - -12). Let m = h - -7. Suppose 0 = -m*a + 2*a - 28. List the prime factors of a.
2, 7
Let j = -118 + 129. Suppose -j*o = -9*o - 560. List the prime factors of o.
2, 5, 7
Let y = -337 - -664. List the prime factors of y.
3, 109
Let c(i) = -i**3 - 8*i**2 - 7*i + 3. Let n = -8 + 1. Let g be c(n). Suppose 2*b - g*b + 5*t = -1, 7 = b - 2*t. What are the prime factors of b?
11
Suppose 72 = 2*s - 2*a, 0 = s + a + a - 21. Let n = s + -30. What are the prime factors of (-8 - 6)*-2*n?
2, 7
Let y(u) = u + 11. Let q be y(-11). Suppose q = -8*c + 11*c - 90. What are the prime factors of c?
2, 3, 5
Let m(u) = -41*u + 459. What are the prime factors of m(-6)?
3, 5, 47
Let j(t) = t**3 + 4*t**2 + t - 4. Let o be j(-3). Suppose -326 + 10 = -o*h. What are the prime factors of h?
2, 79
Suppose 0 = 515*r - 514*r - 734. List the prime factors of r.
2, 367
Let z(w) = 6*w - 47. Let c(d) = 2*d - 16. Let b(g) = 11*c(g) - 4*z(g). What are the prime factors of b(-8)?
2, 7
Let y(v) = 21*v + 180. List the prime factors of y(27).
3, 83
Suppose u - 97 = 8. Suppose -12*d + u = -7*d. Let z = d + 13. What are the prime factors of z?
2, 17
Let z(u) = -u**2 + 33*u + 79. What are the prime factors of z(33)?
79
Let x(r) = -r**3 + 6*r**2 - 2*r + 9. Let b be x(7). Suppose -4*v + 447 = -4*i - 9, -2*v = -4*i - 238. Let q = b + v. List the prime factors of q.
5, 11
Let y = 32 - 29. Suppose -y*o = 2*o - 330. Let n = -45 + o. List the prime factors of n.
3, 7
Let p be (-2)/9 - (-290)/90. Suppose -d - p*d + 180 = 0. List the prime factors of d.
3, 5
Let r = -6 - -18. Suppose 3*g = r + 78. What are the prime factors of g?
2, 3, 5
Let q = 44 + -38. List the prime factors of q/(-10) + 0 + 234/15.
3, 5
Suppose 691*z = 677*z + 26516. List the prime factors of z.
2, 947
Suppose -12*f + 1996 + 3332 = 0. What are the prime factors of f?
2, 3, 37
Let g be ((-60)/18)/(3/(-72)). Let m = 137 - g. What are the prime factors of m?
3, 19
What are the prime factors of 104/468 + (-17114)/(-18)?
3, 317
Let b be 3*55 + 0 + (-1)/(-1). Suppose i - 156 = -2*o, 2*o - b + 16 = -4*i. What are the prime factors of o?
79
Let c be 13/26 + 238/4. Suppose -4*x = x - c. Suppose b + s = 43, 5*s = s + x. What are the prime factors of b?
2, 5
Suppose -11505 = -5*o - 2*m, -4*m + 6917 = 11*o - 8*o. List the prime factors of o.
11, 19
Let j(i) = 7*i**2 + 7*i - 23. What are the prime factors of j(-9)?
13, 37
Let n = 244 + 436. List the prime factors of n.
2, 5, 17
Suppose 13*n - 11024 = -3*n. What are the prime factors of n?
13, 53
Let r(f) = 6*f - 49. Let u be r(9). Suppose 0*s - 3*m = -4*s + 410, 5*s - 510 = u*m. What are the prime factors of s?
2, 13
Let a = -18 + 18. Suppose a = -s - 5 + 8. What are the prime factors of s?
3
What are the prime factors of 3678/((-40)/16 + 4)?
2, 613
Suppose 35*o - 14893 = 4147. List the prime factors of o.
2, 17
Suppose 6*n - 4*n - 824 = 0. What are the prime factors of n?
2, 103
What are the prime factors of 1293 + (27 - 9) + -7?
2, 163
Let a be (-27)/36 - 43/(-4). Suppose -a = -k - 7. Suppose 0*p + 224 = 4*p + 5*m, -k*m = -4*p + 256. What are the prime factors of p?
61
Let l(s) = -s**3 - 3*s**2 - 4*s - 2. Let k be l(-2). Suppose 4*u + 16 = 5*j, u - k = -1. What are the prime factors of j?
2
Suppose 0 = 4*w + 5*h - 4*h - 236, 4*h = 2*w - 118. Suppose s - 5*m - w = -22, -4*s + 214 = 2*m. What are the prime factors of s?
2, 13
Suppose -7*d = -9*d + 144. Suppose -q + d = -3*q. Let w = q - -100. List the prime factors of w.
2
Suppose 35 - 119 = -6*k. Let m = k - -157. List the prime factors of m.
3, 19
Let q = 31 - 21. What are the prime factors of ((-52)/q)/((-6)/30)?
2, 13
List the prime factors of (186 - 0)/((-134)/(-32) - 4).
2, 31
Let j(f) = 87*f**3 + 2*f**2 - 7*f + 41. List the prime factors of j(3).
7, 11, 31
Let j = -17 + 19. Suppose -k - u + 290 = k, -u - j = 0. Suppose -4*f + 18 = -k. List the prime factors of f.
41
Let x = 13 - 21. Let c = x - -6. What are the prime factors of (c - -1)*(-2 + -3)?
5
Let d(f) = -1 + 3*f**2 - 2*f**2 + 2. Suppose v - 60 = -63. List the prime factors of d(v).
2, 5
Suppose -5*i = -15, -4*i - 558 = 35*s - 38*s. What are the prime factors of s?
2, 5, 19
What are the prime factors of 426 + 25/5 + -1 + 5?
3, 5, 29
Suppose 3*u - 215 = 688. Suppose -u = -4*q - 97. List the prime factors of q.
3, 17
Let y = 112 + -75. List the prime factors of y.
37
Suppose 3*v - 4*q + 9 = -7, -4*v - 4*q + 16 = 0. Let n(x) = -x**3 + x**2 - 2*x + 80. What are the prime factors of n(v)?
2, 5
Let l(c) = -1. Let k(b) = 3*b + 1. Let v(a) = -k(a) + l(a). Suppose -10*d + 8*d = 6. What are the prime factors of v(d)?
7
Let m(u) = -2*u - 12. Let c be m(-18). Let n(t) = t + 14. List the prime factors of n(c).
2, 19
Let z = 7 - -5. Suppose -z*w + 3*w - 9 = 0. List the prime factors of (-4 + w)*(-9 - -2).
5, 7
Suppose i - q = 4132 - 1196, -5*i = 2*q - 14666. List the prime factors of i.
2, 3, 163
Let i(c) = -2*c + 23. Let l be i(10). Suppose -2 - 4 = l*p. List the prime factors of 1/(p/(-118)) - -2.
61
Let p be (1/4)/((-7)/(-2492)). Suppose -19 = -y + p. List the prime factors of y.
2, 3
Let g be (612/20)/(-9)*5. Let w(j) = -j - 2. Let h(k) = -3*k - 6. Let b(p) = 3*h(p) - 8*w(p). What are the prime factors of b(g)?
3, 5
Let d be (-1)/(3 - 2)*-2. Let n(r) = r**3 - 2*r**2 + 4*r - 3. Let b be n(d). Suppose h - 11 = b. List the prime factors of h.
2
Suppose 1190 = 5*p - 4300. List the prime factors of p.
2, 3, 61
Let h(q) be the second derivative of q**5/20 + q**4/12 - 4*q. Let a be h(1). Suppose 6*o - 4*o - 78 = -4*x, a*o + 2*x - 78 = 0. What are the prime factors of o?
3, 13
Suppose -362 = -9*j + 1033. What are the prime factors of j?
5, 31
Suppose 2*z - 3354 = -4*d, 2 = 5*z - 23. Suppose -o + d = 2*o - v, 2*v = o - 287. What are the prime factors of o?
277
List the prime factors of -7 - -116*209/22.
3, 5, 73
Suppose 0 = -4*y + 155 + 89. Suppose -197 = -3*g - 5*o, 4*g + 4*o - 215 = y. What are the prime factors of g?
2, 37
What are the prime factors of -2 + -1 + -5 + 14 - -2392?
2, 11, 109
Suppose -2*v = -21*v + 3914. List the prime factors of v.
2, 103
Let f be (-1)/(-4) + (-228)/16. Let u(g) = 0*g**2 - 15*g**2 - 9 - 137*g + 117*g - g**3. List the prime factors of u(f).
3, 5
Suppose -5*p = 2 + 13, 5*o + 2*p = 6559. List the prime factors of o.
13, 101
Let g(r) = -r**3 + 2*r**2 + 2*r. Let o be g(-2). Suppose -o = -3*d + 4*z, -4*d + 2*z - 3*z = -16. List the prime factors of d.
2
Let m(j) = j**2 - 12*j + 10. Let b be m(7). Let s = 36 - b. What are the prime factors of s?
61
Let u(q) = q**2 - 2*q + 3. Suppose 4*b + 2*n = 5 + 21, -3*b + 7 = 4*n. Let s be u(b). Suppose 6*f - 9*f = -s. List the prime factors of f.
2, 11
Suppose 0 = 10*o - 2327 - 2133. What are the prime factors of o?
2, 223
Let p = -2 - -7. Suppose 0 = -p*q + 3*q + 6. Suppose -5*t - q + 23 = l, 3*l + 5*t - 90 = 0. What are the prime factors of l?
5, 7
What are the prime factors of ((-13960)/160)/((-1)/8)?
2, 349
Let q(g) = g + 8. Suppose 20 - 2 = -3*l. Let f be q(l). Suppose -4*m - 53 = -f*h - h, -3*h = -m - 65. List the prime factors of h.
23
Let t(m) = -m**3 - 4*m**2 + 2*m + 1. Let a be t(-5). Suppose 0 = -3*r + 5*h + a + 9, 4 = 4*h. Suppose -3*y - r = -5*y. What are the prime factors of y?
5
Suppose 51209 = 10*a + 31*a. What are the prime factors of a?
1249
List the prime factors of (-11305)/(-28) + 3/(-4).
13, 31
Let u = -795 + 828. Let x = -19 - -34. Suppose u = 4*j - x. What are the prime factors of j?
2, 3
Let j = -14 - -13. What are the prime factors of ((-12)/(-8))/(j/(-46))?
3, 23
Let p be (11 - 2) + (-2 - -3). What are the prime factors of p/(2 - 16/12)?
3, 5
Let v(h) be the third derivative of h**5/30 - h**4/8 + 7*h**3/6 + 5*h**2. Let i be v(5). List the prime factors of (448/i)/((-2)/(-3)).
2
Suppose -9*m - 212 + 1175 = 0. What are the p